f 301336?
2, 7, 5381
List the prime factors of 439833.
3, 271, 541
List the prime factors of 986084.
2, 11, 73, 307
What are the prime factors of 1332916?
2, 13, 25633
List the prime factors of 19296111.
3, 6432037
What are the prime factors of 757231?
17, 44543
What are the prime factors of 242518?
2, 121259
List the prime factors of 160244.
2, 7, 59, 97
What are the prime factors of 809369?
11, 6689
What are the prime factors of 3645909?
3, 29, 61, 229
List the prime factors of 133620.
2, 3, 5, 17, 131
List the prime factors of 26415626.
2, 131, 100823
List the prime factors of 2582373.
3, 860791
What are the prime factors of 17807?
17807
What are the prime factors of 1397175?
3, 5, 13, 1433
What are the prime factors of 87228?
2, 3, 2423
What are the prime factors of 377768?
2, 47221
List the prime factors of 1036498.
2, 518249
List the prime factors of 102210.
2, 3, 5, 3407
What are the prime factors of 9716496?
2, 3, 37, 5471
What are the prime factors of 3677650?
2, 5, 73553
What are the prime factors of 10899027?
3, 19, 63737
List the prime factors of 275401.
7, 39343
What are the prime factors of 21744873?
3, 19, 127163
List the prime factors of 232714.
2, 23, 5059
What are the prime factors of 291372?
2, 3, 24281
List the prime factors of 8087858.
2, 23, 193, 911
List the prime factors of 753870.
2, 3, 5, 13, 1933
List the prime factors of 117216.
2, 3, 11, 37
List the prime factors of 8042486.
2, 4021243
List the prime factors of 1783794.
2, 3, 211, 1409
List the prime factors of 13094201.
13094201
List the prime factors of 3958354.
2, 1979177
What are the prime factors of 24992974?
2, 2647, 4721
List the prime factors of 3861674.
2, 19, 151, 673
List the prime factors of 26775.
3, 5, 7, 17
What are the prime factors of 118287?
3, 13, 337
List the prime factors of 375765.
3, 5, 13, 41, 47
What are the prime factors of 8684141?
157, 55313
List the prime factors of 8457860.
2, 5, 422893
List the prime factors of 47787.
3, 17, 937
What are the prime factors of 95485?
5, 13, 113
List the prime factors of 24274012.
2, 7, 271, 457
What are the prime factors of 5921185?
5, 17, 69661
What are the prime factors of 593490?
2, 3, 5, 73, 271
What are the prime factors of 11997?
3, 31, 43
What are the prime factors of 529666?
2, 31, 8543
What are the prime factors of 491744?
2, 11, 127
What are the prime factors of 4576812?
2, 3, 381401
What are the prime factors of 13205906?
2, 7, 17, 55487
List the prime factors of 9619310.
2, 5, 397, 2423
What are the prime factors of 1739379?
3, 31, 59, 317
List the prime factors of 2749206.
2, 3, 17, 26953
What are the prime factors of 2586824?
2, 53, 6101
What are the prime factors of 87799?
19, 4621
What are the prime factors of 1772188?
2, 11, 40277
List the prime factors of 1086435.
3, 5, 7, 3449
What are the prime factors of 706792?
2, 17, 5197
What are the prime factors of 27388417?
7, 1237, 3163
What are the prime factors of 478248?
2, 3, 19927
List the prime factors of 142967.
11, 41, 317
List the prime factors of 1570052.
2, 11, 17, 2099
List the prime factors of 2612591.
83, 31477
List the prime factors of 38759.
7, 113
List the prime factors of 267221.
353, 757
List the prime factors of 632869.
79, 8011
List the prime factors of 2398691.
379, 6329
List the prime factors of 1605245.
5, 37, 8677
List the prime factors of 913573.
913573
What are the prime factors of 688279?
17, 40487
List the prime factors of 765721.
11, 151, 461
What are the prime factors of 3030239?
29, 104491
What are the prime factors of 550277?
7, 13, 6047
What are the prime factors of 245633?
17, 14449
List the prime factors of 478958.
2, 17, 14087
What are the prime factors of 3700285?
5, 659, 1123
What are the prime factors of 20356195?
5, 127, 32057
List the prime factors of 6285255.
3, 5, 223, 1879
List the prime factors of 124182.
2, 3, 6899
List the prime factors of 624190.
2, 5, 7, 37, 241
List the prime factors of 3510886.
2, 1755443
List the prime factors of 297227.
7, 42461
List the prime factors of 126744.
2, 3, 5281
What are the prime factors of 2225620?
2, 5, 257, 433
List the prime factors of 4329227.
7, 89, 6949
List the prime factors of 540131.
127, 4253
What are the prime factors of 6310474?
2, 41, 1877
List the prime factors of 14970131.
11, 1360921
List the prime factors of 411596.
2, 43, 2393
What are the prime factors of 1390336?
2, 5431
What are the prime factors of 804288?
2, 3, 59, 71
List the prime factors of 2077119.
3, 11, 20981
What are the prime factors of 125213?
11, 11383
List the prime factors of 4284577.
11, 389507
List the prime factors of 218514.
2, 3, 79, 461
List the prime factors of 189009.
3, 21001
What are the prime factors of 386922?
2, 3, 59, 1093
What are the prime factors of 3212?
2, 11, 73
List the prime factors of 461146.
2, 7, 32939
What are the prime factors of 18552?
2, 3, 773
List the prime factors of 1085203.
7, 22147
List the prime factors of 13929761.
13929761
List the prime factors of 828351.
3, 31, 2969
List the prime factors of 26117933.
17, 1536349
List the prime factors of 647480.
2, 5, 16187
List the prime factors of 310879.
17, 18287
List the prime factors of 168140.
2, 5, 7, 1201
List the prime factors of 357498.
2, 3, 19861
List the prime factors of 16879853.
239, 70627
What are the prime factors of 7564349?
13, 581873
What are the prime factors of 298487?
7, 42641
List the prime factors of 270414.
2, 3, 83, 181
What are the prime factors of 874359?
3, 97151
List the prime factors of 2451508.
2, 612877
What are the prime factors of 1030570?
2, 5, 257, 401
What are the prime factors of 159375?
3, 5, 17
List the prime factors of 6877155.
3, 5, 458477
What are the prime factors of 83917?
31, 2707
List the prime factors of 1304351.
541, 2411
List the prime factors of 7137030.
2, 3, 5, 237901
List the prime factors of 29856.
2, 3, 311
List the prime factors of 99470.
2, 5, 7, 29
What are the prime factors of 4993189?
17, 293717
What are the prime factors of 8307222?
2, 3, 7, 11, 17981
What are the prime factors of 1492468?
2, 79, 4723
What are the prime factors of 104503?
7, 14929
What are the prime factors of 6131906?
2, 11, 167, 1669
What are the prime factors of 103972?
2, 11, 17, 139
List the prime factors of 551867.
61, 83, 109
What are the prime factors of 308455?
5, 7, 1259
What are the prime factors of 145650?
2, 3, 5, 971
List the prime factors of 6962989.
11, 41, 15439
What are the prime factors of 24228435?
3, 5, 7, 11, 1907
What are the prime factors of 90750?
2, 3, 5, 11
List the prime factors of 2295312.
2, 3, 47819
What are the prime factors of 34233999?
3, 71, 160723
What are the prime factors of 277351?
337, 823
List the prime factors of 21161711.
107, 197773
What are the prime factors of 2232148?
2, 53, 10529
List the prime factors of 3381017.
3381017
What are the prime factors of 622123?
622123
What are the prime factors of 233304?
2, 3, 9721
What are the prime factors of 284434?
2, 142217
List the prime factors of 1326031.
7, 189433
List the prime factors of 916707.
3, 11, 27779
What are the prime factors of 312715?
5, 13, 17, 283
List the prime factors of 6481198.
2, 41, 79039
What are the prime factors of 297972?
2, 3, 31, 89
What are the prime factors of 40988097?
3, 647, 7039
List the prime factors of 2617008.
2, 3, 54521
List the prime factors of 760055.
5, 71, 2141
List the prime factors of 379702.
2, 189851
What are the prime factors of 4574928?
2, 3, 95311
What are the prime factors of 112704?
2, 3, 587
List the prime factors of 2130601.
11, 29, 6679
What are the prime factors of 18781520?
2, 5, 234769
List the prime factors of 207694.
2, 113, 919
List the prime factors of 1892912.
2, 7, 16901
What are the prime factors of 43822891?
7, 41, 43, 53, 67
List the prime factors of 3870080.
2, 5, 6047
List the prime factors of 586659.
3, 283, 691
What are the prime factors of 9448?
2, 1181
What are the prime factors of 642530?
2, 5, 7, 67, 137
List the prime factors of 838018.
2, 61, 6869
What are the prime factors of 2993659?
19, 157561
List the prime factors of 4004528.
2, 11, 61, 373
What are the prime factors of 44598?
2, 3, 7433
List the prime factors of 32333684.
2, 71, 257, 443
List the prime factors of 2237096.
2, 279637
List the prime f